 is k(-10)?
7
Let n(b) be the first derivative of -b**4/4 - 2*b**3/3 - 5*b**2/2 - 4*b + 394. Calculate n(-2).
6
Suppose -106 - 14 = 10*z. Let x(m) = -5*m - 58. Give x(z).
2
Suppose 21 = h - 6*h - q, -3*h - 14 = 2*q. Let b(w) = 8*w - 3. Calculate b(h).
-35
Let c(k) be the first derivative of k**2/2 + 21*k + 842. Calculate c(-8).
13
Let o(y) = -3*y - 6. Let g(w) = 4*w + 5. Let k be (-4)/(-5)*(-50)/20. Let c(u) = k*g(u) - 3*o(u). Calculate c(-5).
3
Let n be (-38 - -1 - (-9)/3)/(-2). Let r(k) = n*k**3 + 15*k**2 - 1 - 5*k**2 - 10*k**2. Give r(-1).
-18
Let l(s) = 4*s - 3. Let q(o) be the second derivative of -o**3/6 + o**2/2 + 3*o. Let c(w) = l(w) + 3*q(w). Determine c(2).
2
Let h(w) = -5*w + 3. Suppose 66*y - 62*y = -36. Let c = y - -11. Calculate h(c).
-7
Suppose 0*a = -6*a + 12. Let x(r) = -5 - 7*r + 10*r + a. What is x(3)?
6
Let o(z) be the second derivative of z**4/12 - 4*z**3/3 + z**2/2 + 78*z. Let s = -4 + 12. Give o(s).
1
Suppose 0 = 3*t + m - 1, 2*t + 0*m - 10 = -3*m. Suppose 2*n = 9 + 1. Let f(z) = -10 + n*z + 5 + 4. Determine f(t).
-6
Let w(j) = -j**3 + 3*j**2 + j - 3. Let q(s) be the second derivative of -5*s + 0 - 1/3*s**3 + 19/2*s**2. Let y be q(8). Calculate w(y).
0
Let g = 10 - 3. Let o(d) = -g*d + 6*d + 5*d**2 - d**2 - 5*d**2. Give o(1).
-2
Let a(o) = -o**3 + o**2 - 3*o - 2. Let j(g) = -g**3 + 5*g**2 + 4*g - 17. Let d be j(5). What is a(d)?
-29
Let l be (-52)/(-10) + -4 + 2/(-10). Let s(p) be the first derivative of 3*p**2/2 - p + 8. Determine s(l).
2
Suppose -k - 9 = -32. Let x(u) = -u + 2*u + k - 24. Let w = -4 + 4. Determine x(w).
-1
Let d(l) = 4*l**3 + 2*l**2 + 2. Let q(w) = -5*w - 7. Let r be q(-7). Let m = -30 + r. What is d(m)?
-22
Let o(a) = -a**2 - 7*a - 20. Let g(i) = 4*i + 18. Let p(t) = -4*g(t) - 3*o(t). Give p(2).
10
Let m(i) = 21*i + 4. Let q(p) = 10*p - 1. Let f be q(1). Let g(b) = -5*b - 1. Let s(x) = f*g(x) + 2*m(x). Give s(3).
-10
Let x be ((-4)/5)/((-28)/70). Let m(o) = 12*o - 3 - 12*o - o**x - 1 - 4*o. Suppose 2*h - 4 = 3*h. What is m(h)?
-4
Let b(w) = -w**2 + 6*w - 3. Suppose -y - 1 = -2*q, q - 2*y = y - 7. Let d(c) = 6*c**2 - 30*c + 15. Let j(r) = q*d(r) + 11*b(r). Determine j(-6).
-3
Let x(d) = d. Let a(q) = q**2 - q + 3. Let f(t) = a(t) - x(t). Determine f(-3).
18
Let r(b) = b. Let m(w) = -w**3 - 10*w**2 + w - 5. Let s(y) = m(y) - 3*r(y). Calculate s(-10).
15
Suppose -5*g = 17 + 8. Let k be g/(-4) - (44/(-16) - -2). Let n(s) = -s**3 + s**2. What is n(k)?
-4
Let x be 3*1 - (4 + -6). Let w(o) = 3*o - 3. Let j(d) = -d - 1. Let q(v) = 2*j(v) + w(v). Determine q(x).
0
Let m = 15 - 17. Let f be (-2 + m)/((-2)/(-3)). Let k(h) be the third derivative of h**6/120 + 7*h**5/60 + h**4/3 + 5*h**3/6 + h**2. What is k(f)?
-7
Let h(r) = r**2 - 7*r - 3. Let j be h(7). Let z(x) = x**3 + 2*x**2 + x + 4. Let m be z(-2). Let k(g) = g**2 + m*g + 3*g**2 + 1 - g**3 - g + 2*g**3. Give k(j).
7
Let x(j) = j**3 + 4*j**2. Let t be 67 - (0 + 3 + -2). Suppose t = -4*c - f, -4*c - 4*f = -7*f + 74. Let k = 14 + c. Calculate x(k).
9
Let b(j) = -13 - j**2 + 17*j - 4 + 3*j**2 - j**3 + 4 + 3*j**2. Calculate b(7).
8
Suppose 3*l + 2*c = 23, -5*l + 4 = -5*c - 1. Let k be (-4)/(-10) - (-3)/l. Let q(s) = -k - 6 + 2*s**2 - 5*s**2 + 2*s**2 - 8*s. Calculate q(-7).
0
Suppose u = -2*f, f + 15 - 1 = 3*u. Suppose -4*q - 11 = -d - u, d + 9 = -4*q. Let w(h) = -h**2 - h + 2. Determine w(q).
0
Let x(b) be the first derivative of -b**5/60 + b**4/6 + 5*b**3/6 - 4*b**2 - 22. Let y(u) be the second derivative of x(u). Suppose 7 + 13 = 4*a. Give y(a).
0
Let l(q) = -q**3 + 6*q**2 + 7*q + 4. Let c be l(7). Let n(y) = y**2 - 3*y - 2. Let j be n(c). Let f(b) = 1 + 9*b + b**j + 5*b - 8*b. Determine f(-4).
-7
Let s be (-4 + 24)/(2/9). Let w = s + -83. Let r(k) = -3*k + 4. Give r(w).
-17
Let n(o) = -2*o**3 - 2*o**2 + 2*o + 2. Suppose 4*m + 6 = 26. Suppose 0 = m*i + 4*v - 6, i - 4*v + 18 = -0*i. Determine n(i).
6
Let j(n) = -3*n + 12. Suppose -78 - 22 = -25*u. What is j(u)?
0
Let z(i) = 18*i + 326. Let k be z(-18). Let v(a) = -a**3 + 2*a**2 + 2. Calculate v(k).
2
Let a(i) = -4*i**2 + 0*i**2 + 1 + 3*i**2 + 174*i - 171*i. Let k be 14/4 + 2/(-4). Determine a(k).
1
Suppose -37 = -10*s + 5*s + 4*l, -5*s = 5*l - 10. Let h(j) be the second derivative of 0 + j**2 + 1/20*j**s + 1/4*j**4 + 1/2*j**3 - 5*j. What is h(-3)?
-7
Suppose p - 3 = -5. Let q be (p/(-1))/((-9)/18). Let n be q/(-6) + (-169)/(-39). Let d(j) = -2*j + 5. Determine d(n).
-5
Let o(p) = -5 + 7*p + 3*p + 17*p**2 + 0*p + p**3 - 6*p**2. Calculate o(-10).
-5
Let f = -34 - -30. Let q(o) = o**2 - o + 1. Let r(n) = 7*n**2 - 3*n + 3. Let g(j) = f*q(j) + r(j). Give g(1).
3
Let m(v) = 0 + 16600*v - 17 - 16601*v. Calculate m(-9).
-8
Let u(h) be the second derivative of h**4/6 + 14*h**3/3 + h**2/2 + 842*h. Calculate u(-14).
1
Let o(b) = 2*b - 2. Let n = -10 - -16. Let a = 7 + n. Let s = a - 11. What is o(s)?
2
Let f(c) be the third derivative of -c**5/60 - c**4/12 + c**3/2 - c**2. Let d be (-2)/((-5)/30*-4). Let g = 5 + d. Determine f(g).
-5
Let s(a) = -3*a + 31. Let p be s(0). Let h = -25 + p. Let c(f) = f - 8. Calculate c(h).
-2
Suppose -3*x = p - 7*x - 28, -117 = -5*p - 3*x. Let r = p + -22. Let t(i) = -i**3 + i**2 + 2*i. What is t(r)?
0
Let z(h) be the third derivative of -13/24*h**4 + 1/6*h**3 + 0*h + 17*h**2 + 0. Suppose -1 = 3*v - t, -5*v + 2*t - 6*t + 21 = 0. Give z(v).
-12
Let g = 13 - 4. Let r = 14 - g. Let x(h) = h + 1. Calculate x(r).
6
Suppose -4*o - 67 = x - 50, -2*o - 2*x = 4. Let d(b) = 1 + 7*b + 6*b**2 - 1 + 8 + b**3 - 1. Determine d(o).
-3
Let f(c) = -5*c**2 + 11*c - 3. Let g(h) = h**2 - h. Suppose -4*m = -4*o - 0*m - 4, -3*o + 2 = -2*m. Let j(z) = o*g(z) + f(z). Determine j(7).
-3
Suppose -2*b + 15 = b. Let c(z) = -z**3 + 6*z**2 - 5*z + 6. Give c(b).
6
Let h be (-14)/(-35) - 1296/(-10). Let s(v) = -v**3 - h*v + 131*v - 6*v**2 + 2 + 3. Suppose -15 = 3*c + 3. Determine s(c).
-1
Let d(u) = u**3 + 2*u + 7. Let f be d(0). Let h(z) = -8*z + 14. Let s(v) = 7*v - 13. Let b(w) = f*s(w) + 6*h(w). Give b(10).
3
Let k(u) = -8*u**2 - 10*u**2 - 2*u - 5*u + 3 + 17*u**2. Suppose -2*l = -2, l - 19 = -0*t + 3*t. Determine k(t).
9
Let u(s) = -3*s**2 - 5*s + 5. Let z(x) = 2*x**2 + 3*x - 3. Let j(l) = -3*u(l) - 5*z(l). Suppose -h - 2*h = -6. What is j(h)?
-4
Let w be (-3 + 6/(-1))*1/(-3). Let l(c) = 4*c**3 + c**2 + 1 - 3*c**3 - c**2 + w*c**2 + c. What is l(-3)?
-2
Let n(s) be the second derivative of s**3/6 - 5*s**2/2 - 266*s. Give n(9).
4
Let q(a) = -a**2 + 6*a - 2. Suppose 20 = r + b + 3*b, 0 = -r - 5*b + 18. Let g = r + -22. Let c be q(g). Let j(d) = 4*d**2 - 2*d - 1. Give j(c).
19
Let q = 121/3620 - -3/181. Let k(z) be the second derivative of -z + 0*z**2 + 0 + q*z**5 + 0*z**3 - 5/12*z**4. Give k(5).
0
Let t(o) be the third derivative of o**6/120 + o**5/15 - o**4/4 + o**3 - 694*o**2. Suppose 0*w = 3*w + 15. Determine t(w).
11
Let w(o) = -o - 2. Let f(r) = r**3 - 3*r**2 + 5*r - 4. Let t be f(2). Suppose y = -t*h + 3*h - 12, 0 = -3*y - 2*h - 11. Calculate w(y).
5
Let x(b) be the second derivative of -b**5/60 + b**4/24 - b**3/6 - 7*b**2 + 18*b. Let a(k) be the first derivative of x(k). Let o = 9 + -6. Give a(o).
-7
Let r(k) = 2*k**3 - 17*k**2 - 9*k + 5. Let s be r(9). Let t(y) be the first derivative of y**3/3 - 5*y**2/2 - y + 2. Determine t(s).
-1
Let k(j) = j**2 + 5*j - 5. Let d be (16/(-20))/(2/10). Let l = -10 - d. Calculate k(l).
1
Let d(b) = 5*b**3 + 5*b**2 - 6*b - 3. Let m(f) = -f**3. Let h(g) = d(g) + 4*m(g). Let u be (2 - 1 - -5)*-1. Give h(u).
-3
Suppose c = 6*c + 3*f - 55, -c + 11 = -5*f. Suppose b - 11 = -3*s, s + 5*b + 4 = -c. Let i(q) = -11 - s + q - 1. What is i(7)?
-10
Let f(b) = 5*b - 8*b + 7 + 7*b - 3*b. Give f(-12).
-5
Suppose -19*z + 12 = 12. Let k(j) = j**2 + j + 29. Give k(z).
29
Let l = 67 - 48. Suppose -l = 4*y + 13. Let c be 4 - (y/(-4) - 3). Let x(h) = 2*h - 2. Determine x(c).
8
Let y(p) = -p + 14. Suppose 12*q + 16*q = 364. What is y(q)?
1
Let d(x) = -x**2 - 6*x - 3. Suppose 14*q - 16 = 26. Suppose -q*v = 17 - 2. What is d(v)?
2
Let z be (2 + (-11)/4)*(-19 - -3). Let k(w) = w**3 - 13*w**2 + 11*w + 16. Give k(z).
4
Let k = 2 - 7. Let z = 19 + -25. Let x(y) = -y - 1. Let i(q) = -5*q + 1. Let a(h) = z*x(h) + i(h). Determine a(k).
2
Let n(i) = -i**2 - 9*i - 9. Let o be (-2 - 0)/(2/3) + 3. Let q be o + -